{"id":978,"date":"2026-01-16T15:42:23","date_gmt":"2026-01-16T15:42:23","guid":{"rendered":"https:\/\/www.pauoulu.fi\/?page_id=978"},"modified":"2026-01-16T16:14:49","modified_gmt":"2026-01-16T16:14:49","slug":"tyosuojelu-2","status":"publish","type":"page","link":"https:\/\/www.pauoulu.fi\/index.php\/tyosuojelu-2\/","title":{"rendered":"TY\u00d6SUOJELU"},"content":{"rendered":"\n<p><strong>Ty\u00f6suojeluvaltuutetun kausi on&nbsp;kaksivuotinen. TSV:n alueina ovat Pohjois-Pohjanmaa ja Lappi.&nbsp;Oulun ja Ylivieskan alueella pesti on kokoaikainen. Ty\u00f6suojeluvaltuutettu ja kaksi varavaltuutettua valitaan vaaleilla. Valittu ty\u00f6suojeluvaltuutettu neuvottelee ty\u00f6nantajan kanssa ty\u00f6suojeluasiamiesten toimialueista, lukum\u00e4\u00e4rist\u00e4, tekee paikallisen sopimuksen ko. asiasta ja j\u00e4rjest\u00e4\u00e4 ty\u00f6paikoille ty\u00f6suojelu-asiamiesvaaleja&nbsp;PAU:n antamien ohjeiden mukaan. Ty\u00f6suojeluasiamies on oman ty\u00f6paikkansa ty\u00f6suojeluasiantuntija. My\u00f6s ty\u00f6suojeluasiamiehen kausi on kolmivuotinen.<\/strong><\/p>\n\n\n\n<p><strong>TY\u00d6SUOJELUVALTUUTETTU<\/strong><br><strong>Jari Konttinen<\/strong><br><a href=\"mailto:jari.konttinen@posti.com\"><strong>jari.konttinen@posti.com<\/strong><\/a><br><strong>046 922 5557<\/strong><\/p>\n\n\n\n<p><strong>1. VARAVALTUUTETTU<\/strong><br><strong>Jari Laurila<\/strong><br><a href=\"mailto:jari.laurila@posti.com\" target=\"_blank\" rel=\"noreferrer noopener\"><strong>jari.laurila@posti.com<\/strong><\/a><\/p>\n\n\n\n<p><strong>2. VARAVALTUUTETTU<\/strong><br><strong>Anne Takalo<\/strong><br><a href=\"mailto:ahtalvitie@msn.com\" target=\"_blank\" rel=\"noreferrer noopener\"><strong>ahtalvitie@msn.com<\/strong><\/a><br><strong>045 277 6074<\/strong><\/p>\n\n\n\n<p><strong>TY\u00d6SUOJELUASIAMIES OULU 90100-90400<\/strong><br><strong>Petra Kovalainen<\/strong><\/p>\n\n\n\n<p><strong>TY\u00d6SUOJELUASIAMIES OULU 90650<\/strong><br><strong>Kirsi Haapio<\/strong><br><a href=\"mailto:ahtalvitie@msn.com\"><strong>kirsi.haapio@posti.com<\/strong><\/a><\/p>\n\n\n\n<p><strong>0440 782 777\u200b<\/strong><\/p>\n\n\n\n<p><strong>TY\u00d6SUOJELUASIAMIES HAAPAJ\u00c4RVI + l\u00e4hialueet<\/strong><br><strong>Ari Heikkil\u00e4<\/strong><br><a href=\"mailto:ari.heikkila@posti.com\"><strong>ari.heikkila@posti.com<\/strong><\/a><br><strong>040 779 2163<\/strong><\/p>\n\n\n\n<p><strong>TY\u00d6SUOJELUASIAMIES YLIVIESKA 84100<\/strong><br><strong>Pentti V\u00e4yrynen<\/strong><br><strong>045 312 4418<\/strong><\/p>\n\n\n\n<p><strong>TY\u00d6SUOJELUASIAMIES KUUSAMO 93600<\/strong><\/p>\n\n\n\n<p><strong>Anne Takalo<\/strong><\/p>\n\n\n\n<p><strong>040 858 6021<\/strong><\/p>\n","protected":false},"excerpt":{"rendered":"<p>Ty\u00f6suojeluvaltuutetun kausi on&nbsp;kaksivuotinen. TSV:n alueina ovat Pohjois-Pohjanmaa ja Lappi.&nbsp;Oulun ja Ylivieskan alueella pesti on kokoaikainen. Ty\u00f6suojeluvaltuutettu ja kaksi varavaltuutettua valitaan vaaleilla. Valittu ty\u00f6suojeluvaltuutettu neuvottelee ty\u00f6nantajan kanssa ty\u00f6suojeluasiamiesten toimialueista, lukum\u00e4\u00e4rist\u00e4, tekee &#8230;<\/p>\n","protected":false},"author":1,"featured_media":0,"parent":0,"menu_order":0,"comment_status":"closed","ping_status":"closed","template":"","meta":{"footnotes":""},"class_list":["post-978","page","type-page","status-publish","hentry"],"_links":{"self":[{"href":"https:\/\/www.pauoulu.fi\/index.php\/wp-json\/wp\/v2\/pages\/978","targetHints":{"allow":["GET"]}}],"collection":[{"href":"https:\/\/www.pauoulu.fi\/index.php\/wp-json\/wp\/v2\/pages"}],"about":[{"href":"https:\/\/www.pauoulu.fi\/index.php\/wp-json\/wp\/v2\/types\/page"}],"author":[{"embeddable":true,"href":"https:\/\/www.pauoulu.fi\/index.php\/wp-json\/wp\/v2\/users\/1"}],"replies":[{"embeddable":true,"href":"https:\/\/www.pauoulu.fi\/index.php\/wp-json\/wp\/v2\/comments?post=978"}],"version-history":[{"count":3,"href":"https:\/\/www.pauoulu.fi\/index.php\/wp-json\/wp\/v2\/pages\/978\/revisions"}],"predecessor-version":[{"id":1001,"href":"https:\/\/www.pauoulu.fi\/index.php\/wp-json\/wp\/v2\/pages\/978\/revisions\/1001"}],"wp:attachment":[{"href":"https:\/\/www.pauoulu.fi\/index.php\/wp-json\/wp\/v2\/media?parent=978"}],"curies":[{"name":"wp","href":"https:\/\/api.w.org\/{rel}","templated":true}]}}

TYÖSUOJELU

<p><strong>Työsuojeluvaltuutetun kausi on&nbsp;kaksivuotinen. TSV:n alueina ovat Pohjois-Pohjanmaa ja Lappi.&nbsp;Oulun ja Ylivieskan alueella pesti on kokoaikainen. Työsuojeluvaltuutettu ja kaksi varavaltuutettua valitaan vaaleilla. Valittu työsuojeluvaltuutettu neuvottelee työnantajan kanssa työsuojeluasiamiesten toimialueista, lukumääristä, tekee paikallisen sopimuksen ko. asiasta ja järjestää työpaikoille työsuojelu-asiamiesvaaleja&nbsp;PAU:n antamien ohjeiden mukaan. Työsuojeluasiamies on oman työpaikkansa työsuojeluasiantuntija. Myös työsuojeluasiamiehen kausi on kolmivuotinen.</strong></p>



<p><strong>TYÖSUOJELUVALTUUTETTU</strong><br><strong>Jari Konttinen</strong><br><a href="mailto:jari.konttinen@posti.com"><strong>jari.konttinen@posti.com</strong></a><br><strong>046 922 5557</strong></p>



<p><strong>1. VARAVALTUUTETTU</strong><br><strong>Jari Laurila</strong><br><a href="mailto:jari.laurila@posti.com" target="_blank" rel="noreferrer noopener"><strong>jari.laurila@posti.com</strong></a></p>



<p><strong>2. VARAVALTUUTETTU</strong><br><strong>Anne Takalo</strong><br><a href="mailto:ahtalvitie@msn.com" target="_blank" rel="noreferrer noopener"><strong>ahtalvitie@msn.com</strong></a><br><strong>045 277 6074</strong></p>



<p><strong>TYÖSUOJELUASIAMIES OULU 90100-90400</strong><br><strong>Petra Kovalainen</strong></p>



<p><strong>TYÖSUOJELUASIAMIES OULU 90650</strong><br><strong>Kirsi Haapio</strong><br><a href="mailto:ahtalvitie@msn.com"><strong>kirsi.haapio@posti.com</strong></a></p>



<p><strong>0440 782 777​</strong></p>



<p><strong>TYÖSUOJELUASIAMIES HAAPAJÄRVI + lähialueet</strong><br><strong>Ari Heikkilä</strong><br><a href="mailto:ari.heikkila@posti.com"><strong>ari.heikkila@posti.com</strong></a><br><strong>040 779 2163</strong></p>



<p><strong>TYÖSUOJELUASIAMIES YLIVIESKA 84100</strong><br><strong>Pentti Väyrynen</strong><br><strong>045 312 4418</strong></p>



<p><strong>TYÖSUOJELUASIAMIES KUUSAMO 93600</strong></p>



<p><strong>Anne Takalo</strong></p>



<p><strong>040 858 6021</strong></p>

<p>Työsuojeluvaltuutetun kausi on&nbsp;kaksivuotinen. TSV:n alueina ovat Pohjois-Pohjanmaa ja Lappi.&nbsp;Oulun ja Ylivieskan alueella pesti on kokoaikainen. Työsuojeluvaltuutettu ja kaksi varavaltuutettua valitaan vaaleilla. Valittu työsuojeluvaltuutettu neuvottelee työnantajan kanssa työsuojeluasiamiesten toimialueista, lukumääristä, tekee &#8230;</p>
